mmon divisor of 435 and 14500.
145
Calculate the greatest common factor of 1105 and 352053.
221
Calculate the greatest common divisor of 1363 and 4277.
47
Calculate the greatest common factor of 630 and 15610.
70
Calculate the highest common factor of 48 and 98328.
24
Calculate the greatest common factor of 1272316 and 76.
76
Calculate the highest common factor of 53454 and 8.
2
What is the greatest common factor of 314 and 92159?
157
What is the greatest common factor of 15 and 417015?
15
What is the greatest common divisor of 60357 and 124?
31
What is the highest common divisor of 136050 and 1200?
150
What is the highest common factor of 4156190 and 5?
5
Calculate the highest common factor of 304 and 2831.
19
What is the highest common divisor of 12850 and 15?
5
What is the highest common factor of 83001 and 6132?
219
What is the highest common factor of 3936 and 109347?
123
Calculate the highest common divisor of 140139 and 138.
69
What is the highest common factor of 6300 and 11900?
700
Calculate the highest common divisor of 79336 and 1128.
376
What is the highest common factor of 357 and 193613?
119
Calculate the greatest common divisor of 33874 and 14.
2
What is the greatest common divisor of 24165 and 1065?
15
Calculate the greatest common divisor of 822 and 11097.
411
What is the greatest common factor of 1078 and 1507?
11
What is the highest common divisor of 800 and 51300?
100
What is the highest common factor of 5364 and 4172?
596
What is the highest common divisor of 960 and 54080?
320
What is the highest common divisor of 29563 and 19176?
799
What is the highest common divisor of 10207 and 6574?
173
Calculate the greatest common divisor of 276 and 849666.
138
Calculate the greatest common factor of 2079 and 320859.
693
What is the greatest common divisor of 65420 and 2740?
20
What is the highest common divisor of 4681 and 2416?
151
Calculate the greatest common factor of 204035 and 585.
65
Calculate the highest common factor of 22791 and 143349.
213
Calculate the highest common divisor of 208 and 255736.
104
Calculate the greatest common divisor of 1548 and 1442349.
387
What is the highest common divisor of 58 and 4897027?
29
What is the greatest common factor of 117279 and 98604?
747
What is the greatest common factor of 186 and 2624?
2
Calculate the greatest common divisor of 500 and 101180.
20
What is the greatest common divisor of 161610 and 84?
6
Calculate the highest common divisor of 39175 and 125.
25
Calculate the highest common factor of 21 and 157269.
21
Calculate the highest common factor of 17676 and 96.
12
Calculate the highest common factor of 717839 and 361.
19
Calculate the greatest common divisor of 24500 and 560.
140
What is the highest common divisor of 89265 and 27555?
165
What is the highest common divisor of 48 and 1015320?
24
What is the highest common divisor of 187 and 44761?
17
Calculate the highest common factor of 19 and 189088.
19
Calculate the highest common factor of 99656 and 88.
8
What is the highest common factor of 11577 and 3?
3
Calculate the highest common factor of 123 and 3373521.
123
What is the greatest common factor of 6 and 157434?
6
Calculate the highest common factor of 21609 and 9.
9
What is the greatest common factor of 362375 and 104?
13
What is the highest common divisor of 6 and 684174?
6
Calculate the highest common factor of 99 and 8496.
9
What is the highest common divisor of 468 and 7228?
52
What is the greatest common factor of 10 and 180415?
5
What is the highest common divisor of 88186 and 868?
14
Calculate the highest common factor of 84405 and 510.
255
Calculate the greatest common divisor of 68 and 215951.
17
What is the greatest common divisor of 210 and 13615?
35
What is the highest common divisor of 23373 and 42?
21
What is the greatest common factor of 54 and 3042?
18
Calculate the greatest common factor of 47649 and 105.
21
What is the greatest common factor of 110 and 5665?
55
Calculate the greatest common factor of 117 and 190359.
117
Calculate the greatest common factor of 243 and 93069.
243
What is the greatest common factor of 181232 and 1446?
482
What is the greatest common factor of 10230 and 682?
682
What is the greatest common divisor of 1050200 and 100?
100
What is the greatest common factor of 21094 and 106?
106
What is the highest common factor of 5581840 and 880?
880
Calculate the highest common divisor of 112 and 203322.
14
Calculate the highest common factor of 4010714 and 4458.
1486
Calculate the greatest common divisor of 6524 and 442700.
932
Calculate the greatest common factor of 35659 and 481.
13
Calculate the greatest common divisor of 26282 and 2890.
34
Calculate the greatest common factor of 100 and 27.
1
What is the greatest common factor of 66503 and 73?
73
What is the greatest common factor of 224 and 567?
7
What is the greatest common factor of 150354 and 2952?
18
What is the highest common factor of 2933 and 182?
7
What is the greatest common factor of 37404 and 2412?
36
Calculate the greatest common divisor of 15847 and 23.
23
Calculate the greatest common factor of 32 and 65696.
32
Calculate the greatest common factor of 3350 and 7236.
134
Calculate the highest common divisor of 353889 and 243.
81
What is the highest common factor of 849 and 2139197?
283
Calculate the highest common factor of 880 and 128.
16
Calculate the greatest common divisor of 66210 and 60.
30
What is the greatest common factor of 2 and 1193040?
2
What is the greatest common divisor of 2350 and 8150?
50
What is the greatest common divisor of 714 and 51918?
102
What is the highest common factor of 10 and 41390?
10
Calculate the greatest common divisor of 1572270 and 210.
210
What is the greatest common factor of 784 and 3952?
16
What is the greatest common divisor of 599 and 199?
1
Calculate the highest common divisor of 96 and 17268.
12
What is the greatest common factor of 87 and 25143?
87
What is the greatest common factor of 110954 and 1392?
58
What is the greatest common factor of 818610 and 3120?
390
What is the highest common factor of 1017 and 5311?
113
What is the highest common factor of 1584305 and 5?
5
What is the greatest common factor of 26 and 246337?
13
What is the greatest common factor of 147008 and 224?
32
Calculate the highest common divisor of 1521 and 5941.
13
What is the greatest common divisor of 1017 and 3726?
9
Calculate the greatest common factor of 67322 and 410.
82
What is the highest common divisor of 37045 and 1240?
155
What is the highest common divisor of 20070 and 1710?
90
What is the highest common divisor of 5908 and 3?
1
What is the highest common divisor of 1818 and 1564692?
606
Calculate the highest common factor of 25 and 96815.
5
What is the highest common factor of 882211 and 46?
23
What is the greatest common divisor of 4794 and 253470?
102
What is the greatest common divisor of 1502068 and 1096?
548
What is the highest common divisor of 2308 and 256?
4
What is the highest common factor of 31 and 50?
1
What is the greatest common divisor of 7035540 and 150?
30
Calculate the highest common factor of 1110 and 7178.
74
Calculate the highest common factor of 925 and 354645.
185
What is the greatest common factor of 72 and 25896?
24
Calculate the greatest common divisor of 157635 and 1240.
155
What is the highest common factor of 1325 and 58035?
265
What is the highest common divisor of 2 and 562?
2
Calculate the highest common divisor of 18496 and 3808.
544
Calculate the greatest common divisor of 34336 and 1776.
592
Calculate the greatest common factor of 60 and 1225410.
30
Calculate the greatest common divisor of 3311 and 100749.
473
Calculate the greatest common divisor of 224 and 368.
16
What is the highest common divisor of 513408 and 1680?
336
What is the highest common divisor of 300 and 1905?
15
Calculate the highest common divisor of 1120 and 8505.
35
What is the highest common divisor of 76 and 361513?
19
Calculate the highest common divisor of 41380 and 80.
20
Calculate the greatest common factor of 2478 and 441.
21
What is the greatest common divisor of 3 and 3787?
1
What is the greatest common factor of 18 and 184374?
18
Calculate the greatest common factor of 7211619 and 18.
9
Calculate the greatest common fa